{"id":325194,"date":"2023-05-26T08:49:25","date_gmt":"2023-05-26T06:49:25","guid":{"rendered":"https:\/\/www.zandegu.it\/?post_type=product&#038;p=325194"},"modified":"2023-10-12T09:11:11","modified_gmt":"2023-10-12T07:11:11","slug":"game-of-content-marketing","status":"publish","type":"product","link":"https:\/\/www.zandegu.it\/shop\/prodotto\/game-of-content-marketing\/","title":{"rendered":"Game of content: progetta contenuti di valore per il tuo brand"},"content":{"rendered":"<div class=\"is-root-container is-layout-flow wp-block-post-content block-editor-block-list__layout\" data-is-drop-zone=\"true\">\n<p>Forse non hai mai pensato a quanto il <strong>content marketing abbia un impatto sulle nostre scelte<\/strong> di consumo. Lascia che ti faccia un esempio.<\/p>\n<p>La pagina Instagram di quel forno artigianale bolognese.<\/p>\n<p id=\"block-3af89d96-4914-4520-91fc-a170792ad729\" class=\"block-editor-rich-text__editable block-editor-block-list__block wp-block wp-block-paragraph rich-text\" tabindex=\"0\" role=\"document\" contenteditable=\"true\" aria-multiline=\"true\" aria-label=\"Blocco del paragrafo\" data-block=\"3af89d96-4914-4520-91fc-a170792ad729\" data-type=\"core\/paragraph\" data-title=\"Paragrafo\" data-empty=\"false\">O quella di un\u2019azienda di succhi di frutta.<\/p>\n<p id=\"block-e89194c3-df73-4255-b343-5182cec9e819\" class=\"block-editor-rich-text__editable block-editor-block-list__block wp-block wp-block-paragraph rich-text\" tabindex=\"0\" role=\"document\" contenteditable=\"true\" aria-multiline=\"true\" aria-label=\"Blocco del paragrafo\" data-block=\"e89194c3-df73-4255-b343-5182cec9e819\" data-type=\"core\/paragraph\" data-title=\"Paragrafo\" data-empty=\"false\">E quella del fantastico bed&amp;breakfast nelle Langhe.<\/p>\n<p id=\"block-a9a9b512-7e38-4225-ba5c-a7195e0b75fc\" class=\"block-editor-rich-text__editable block-editor-block-list__block wp-block wp-block-paragraph rich-text\" tabindex=\"0\" role=\"document\" contenteditable=\"true\" aria-multiline=\"true\" aria-label=\"Blocco del paragrafo\" data-block=\"a9a9b512-7e38-4225-ba5c-a7195e0b75fc\" data-type=\"core\/paragraph\" data-title=\"Paragrafo\" data-empty=\"false\">La consulente di marketing che vive a Tokyo.<\/p>\n<p id=\"block-d89e4fcf-b4b0-488e-9b4a-e52c3da0c74b\" class=\"block-editor-rich-text__editable block-editor-block-list__block wp-block wp-block-paragraph rich-text\" tabindex=\"0\" role=\"document\" contenteditable=\"true\" aria-multiline=\"true\" aria-label=\"Blocco del paragrafo\" data-block=\"d89e4fcf-b4b0-488e-9b4a-e52c3da0c74b\" data-type=\"core\/paragraph\" data-title=\"Paragrafo\" data-empty=\"false\">Perch\u00e9, in fondo in fondo, le seguiamo? Per valutare i loro prodotti o servizi non ci basterebbe dare un\u2019occhiata ai loro siti, o fare un acquisto di prova? Enn\u00f2, se seguiamo dei brand su Instagram, Facebook, TikTok, o chiss\u00e0 che altro, \u00e8 perch\u00e9 <strong>producono dei contenuti di valore<\/strong>. In una parola (anzi quattro): perch\u00e9 fanno <strong>content marketing<\/strong>.<\/p>\n<p id=\"block-c856b9c8-75ea-457d-86b3-59f9483a72cf\" class=\"block-editor-rich-text__editable block-editor-block-list__block wp-block wp-block-paragraph rich-text\" tabindex=\"0\" role=\"document\" contenteditable=\"true\" aria-multiline=\"true\" aria-label=\"Blocco del paragrafo\" data-block=\"c856b9c8-75ea-457d-86b3-59f9483a72cf\" data-type=\"core\/paragraph\" data-title=\"Paragrafo\" data-empty=\"false\"><a href=\"https:\/\/medium.com\/@HeathEvans\/content-is-king-essay-by-bill-gates-1996-df74552f80d9\" target=\"_blank\" rel=\"noopener\">\u201cContent is king\u201d lo diceva Bill Gates<\/a> nel lontano 1996, ma vale ancora oggi. Anche se alcune persone dicono non sia pi\u00f9 cos\u00ec, secondo noi \u00e8 un po\u2019 presto per mandare il buon Bill in pensione e con lui il content marketing, cio\u00e8 il marketing basato sui contenuti. Considera che, in fin dei conti, siamo ancora tutt* qui, attaccat* ai nostri social.<\/p>\n<h2 id=\"block-83e62604-f23a-44eb-9293-4de69be7d32a\" class=\"block-editor-rich-text__editable block-editor-block-list__block wp-block wp-block-heading rich-text\" tabindex=\"0\" role=\"document\" contenteditable=\"true\" aria-multiline=\"true\" aria-label=\"Blocco: Titolo\" data-block=\"83e62604-f23a-44eb-9293-4de69be7d32a\" data-type=\"core\/heading\" data-title=\"Titolo\">Game of content: progetta contenuti di valore per il tuo brand<\/h2>\n<p id=\"block-ec6947b3-d53f-4d7d-939c-dabc4ceca320\" class=\"block-editor-rich-text__editable block-editor-block-list__block wp-block wp-block-paragraph rich-text\" tabindex=\"0\" role=\"document\" contenteditable=\"true\" aria-multiline=\"true\" aria-label=\"Blocco del paragrafo\" data-block=\"ec6947b3-d53f-4d7d-939c-dabc4ceca320\" data-type=\"core\/paragraph\" data-title=\"Paragrafo\" data-empty=\"false\"><strong>Il content marketing \u00e8 fondamentale per qualsiasi attivit\u00e0<\/strong> in proprio. Creare contenuti di valore e diffonderli sui giusti canali pu\u00f2 fare la differenza tra il successo e il fallimento di un brand. Ma <strong>come si fa a progettare e realizzare contenuti efficaci<\/strong>? Come si sceglie il giusto tono di voce, il formato adatto e le idee migliori per comunicare al proprio pubblico?<\/p>\n<p id=\"block-6b93ea5a-5373-4c71-8157-a63354ce691a\" class=\"block-editor-rich-text__editable block-editor-block-list__block wp-block wp-block-paragraph rich-text\" tabindex=\"0\" role=\"document\" contenteditable=\"true\" aria-multiline=\"true\" aria-label=\"Blocco del paragrafo\" data-block=\"6b93ea5a-5373-4c71-8157-a63354ce691a\" data-type=\"core\/paragraph\" data-title=\"Paragrafo\" data-empty=\"false\">Il nostro nuovo ebook <strong><em>Game of content: progetta contenuti di valore per il tuo brand<\/em><\/strong> di <a href=\"https:\/\/www.zandegu.it\/shop\/autori\/giovanna-bazzoni\/\">Giovanna Bazzoni<\/a>, prova a rispondere a questi e altri interrogativi cruciali. L\u2019autrice \u00e8 esperta di comunicazione digitale: grazie a esempi concreti e consigli pratici, ti guida nella <strong>progettazione e realizzazione di una strategia di content marketing di qualit\u00e0<\/strong>, per raggiungere e coinvolgere il tuo pubblico.<\/p>\n<h2 id=\"block-e17effce-36ff-4059-80a7-a9c80ccb76b9\" class=\"block-editor-rich-text__editable block-editor-block-list__block wp-block wp-block-heading rich-text\" tabindex=\"0\" role=\"document\" contenteditable=\"true\" aria-multiline=\"true\" aria-label=\"Blocco: Titolo\" data-block=\"e17effce-36ff-4059-80a7-a9c80ccb76b9\" data-type=\"core\/heading\" data-title=\"Titolo\">Dai social ai contenuti, tutto quello che ti serve per fare content marketing<\/h2>\n<p>Il libro \u00e8 suddiviso in tre capitoli, ciascuno dedicato a uno dei 3 aspetti fondamentali del content marketing.<\/p>\n<p>Per prima cosa, Giovanna analizza le dinamiche dei social network e delle piattaforme di content discovery, spiegando come i brand, e quindi anche tu, puoi sfruttare questi canali per creare un <strong>rapporto autentico e duraturo<\/strong> con i tuoi follower.<\/p>\n<p id=\"block-f43323ab-6170-40ec-9a73-77f111b1e824\" class=\"block-editor-rich-text__editable block-editor-block-list__block wp-block wp-block-paragraph rich-text\" tabindex=\"0\" role=\"document\" contenteditable=\"true\" aria-multiline=\"true\" aria-label=\"Blocco del paragrafo\" data-block=\"f43323ab-6170-40ec-9a73-77f111b1e824\" data-type=\"core\/paragraph\" data-title=\"Paragrafo\" data-empty=\"false\">Il secondo aspetto riguarda <strong>i diversi tipi di contenuti<\/strong> &#8211; <strong>testuali, fotografici, grafici e video<\/strong>: Giovanna ti fornisce consigli pratici per <strong>creare contenuti di qualit\u00e0 in ciascun formato<\/strong>.<\/p>\n<p id=\"block-c30196aa-e983-43a7-8437-961e5e1bfb6c\" class=\"block-editor-rich-text__editable block-editor-block-list__block wp-block wp-block-paragraph rich-text\" tabindex=\"0\" role=\"document\" contenteditable=\"true\" aria-multiline=\"true\" aria-label=\"Blocco del paragrafo\" data-block=\"c30196aa-e983-43a7-8437-961e5e1bfb6c\" data-type=\"core\/paragraph\" data-title=\"Paragrafo\" data-empty=\"false\">Infine, il terzo elemento affrontato da Giovanna Bazzoni \u00e8 come <strong>pianificare e organizzare una strategia di content marketing efficace<\/strong>, in grado di raggiungere gli obiettivi del tuo brand. Una gatta da pelare che pu\u00f2 frenarti e che, finalmente, qui imparerai a gestire come un* professionista!<\/p>\n<h2 id=\"block-dc359ee7-5e8d-4df1-99a4-8deeaddeb4f3\" class=\"block-editor-rich-text__editable block-editor-block-list__block wp-block wp-block-heading rich-text\" tabindex=\"0\" role=\"document\" contenteditable=\"true\" aria-multiline=\"true\" aria-label=\"Blocco: Titolo\" data-block=\"dc359ee7-5e8d-4df1-99a4-8deeaddeb4f3\" data-type=\"core\/heading\" data-title=\"Titolo\">A chi si rivolge<\/h2>\n<p id=\"block-91493f71-054b-4276-b296-01010be2c2f5\" class=\"block-editor-rich-text__editable block-editor-block-list__block wp-block wp-block-paragraph rich-text\" tabindex=\"0\" role=\"document\" contenteditable=\"true\" aria-multiline=\"true\" aria-label=\"Blocco del paragrafo\" data-block=\"91493f71-054b-4276-b296-01010be2c2f5\" data-type=\"core\/paragraph\" data-title=\"Paragrafo\" data-empty=\"false\">Che tu sia un* <strong>freelance che vuole promuovere i suoi servizi online, o una piccola impresa<\/strong> che desidera ampliare il suo pubblico, <em>Game of content: progetta contenuti di valore per il tuo brand<\/em> \u00e8 la guida perfetta per progettare un content marketing di valore e <strong>creare un&#8217;immagine coerente e vincente per il tuo brand<\/strong>.<\/p>\n<p id=\"block-2f6e6727-b7fe-4ee1-af9b-73bb75be4d64\" class=\"block-editor-rich-text__editable block-editor-block-list__block wp-block wp-block-paragraph rich-text\" tabindex=\"0\" role=\"document\" contenteditable=\"true\" aria-multiline=\"true\" aria-label=\"Blocco del paragrafo\" data-block=\"2f6e6727-b7fe-4ee1-af9b-73bb75be4d64\" data-type=\"core\/paragraph\" data-title=\"Paragrafo\" data-empty=\"false\">Comincia a giocare la partita del content marketing!<\/p>\n<\/div>\n","protected":false},"excerpt":{"rendered":"<p>Dai social ai contenuti: la guida completa al content marketing per il tuo business<\/p>\n","protected":false},"featured_media":325144,"comment_status":"closed","ping_status":"closed","template":"","meta":{"_acf_changed":false},"product_brand":[],"product_cat":[1082,959],"product_tag":[1150],"class_list":{"0":"post-325194","1":"product","2":"type-product","3":"status-publish","4":"has-post-thumbnail","6":"product_cat-libri","7":"product_cat-i-prof","8":"product_tag-ebookhome","10":"first","11":"instock","12":"downloadable","13":"virtual","14":"purchasable","15":"product-type-simple"},"acf":[],"_links":{"self":[{"href":"https:\/\/www.zandegu.it\/shop\/wp-json\/wp\/v2\/product\/325194","targetHints":{"allow":["GET"]}}],"collection":[{"href":"https:\/\/www.zandegu.it\/shop\/wp-json\/wp\/v2\/product"}],"about":[{"href":"https:\/\/www.zandegu.it\/shop\/wp-json\/wp\/v2\/types\/product"}],"replies":[{"embeddable":true,"href":"https:\/\/www.zandegu.it\/shop\/wp-json\/wp\/v2\/comments?post=325194"}],"version-history":[{"count":0,"href":"https:\/\/www.zandegu.it\/shop\/wp-json\/wp\/v2\/product\/325194\/revisions"}],"wp:featuredmedia":[{"embeddable":true,"href":"https:\/\/www.zandegu.it\/shop\/wp-json\/wp\/v2\/media\/325144"}],"wp:attachment":[{"href":"https:\/\/www.zandegu.it\/shop\/wp-json\/wp\/v2\/media?parent=325194"}],"wp:term":[{"taxonomy":"product_brand","embeddable":true,"href":"https:\/\/www.zandegu.it\/shop\/wp-json\/wp\/v2\/product_brand?post=325194"},{"taxonomy":"product_cat","embeddable":true,"href":"https:\/\/www.zandegu.it\/shop\/wp-json\/wp\/v2\/product_cat?post=325194"},{"taxonomy":"product_tag","embeddable":true,"href":"https:\/\/www.zandegu.it\/shop\/wp-json\/wp\/v2\/product_tag?post=325194"}],"curies":[{"name":"wp","href":"https:\/\/api.w.org\/{rel}","templated":true}]}}