{"id":325524,"date":"2023-06-27T15:47:02","date_gmt":"2023-06-27T13:47:02","guid":{"rendered":"https:\/\/www.zandegu.it\/?post_type=product&#038;p=325524"},"modified":"2024-04-30T15:28:40","modified_gmt":"2024-04-30T13:28:40","slug":"personalita-dei-tuoi-testi","status":"publish","type":"product","link":"https:\/\/www.zandegu.it\/shop\/prodotto\/personalita-dei-tuoi-testi\/","title":{"rendered":"Come migliorare la personalit\u00e0 dei tuoi testi"},"content":{"rendered":"<div class=\"is-root-container is-layout-flow wp-block-post-content block-editor-block-list__layout\" data-is-drop-zone=\"true\">\n<p>Quando a una cena incontri qualcuno con una personalit\u00e0 che spicca <strong>lo noti subito<\/strong>: ti fai un sacco di risate, intavoli conversazioni piene di riflessioni argute e poi, nei giorni che seguono, te lo ricordi con piacere perch\u00e9 \u00e8 stata una bella compagnia.<\/p>\n<p>Ecco, <strong>la personalit\u00e0 non \u00e8 solo una gran bella qualit\u00e0 per gli esseri umani: \u00e8 perfetta anche per i testi<\/strong> online. Come per le persone, i testi zeppi di personalit\u00e0 sono quelli che fanno 3 cose:<\/p>\n<ol>\n<li><strong>si fanno notare<\/strong>;<\/li>\n<li><strong>ti fanno scegliere tra tanti<\/strong>;<\/li>\n<li><strong>si ricordano a lungo<\/strong>.<\/li>\n<\/ol>\n<p>&nbsp;<\/p>\n<p>Ma cosa fare se tu, di lavoro, non fai il o la copy? Nella maggior parte dei casi <strong>rischi di farti sedurre dal potere dei sempre usatissimi clich\u00e8<\/strong> come &#8220;leader di settore \/ staff giovane e dinamico \/ tradizione che incontra l&#8217;innovazione&#8221;. In altri, <strong>ti blocchi del tutto e non scrivi una riga<\/strong>, non sapendo come condire i tuoi testi con la giusta dose di personalit\u00e0.<\/p>\n<p>Per darti un po&#8217; di sugo, arriva <a href=\"https:\/\/www.giuliamodena.it\/\" target=\"_blank\" rel=\"noopener\">Giulia Modena<\/a> con il suo corso <strong><em>Come migliorare la personalit\u00e0 dei tuoi testi<\/em><\/strong>, 4 lezioni dense di consigli e case studies per rendere i copy dei tuoi canali di comunicazione unici, vivaci e brillanti.<\/p>\n<h2 class=\"wp-block-heading\">Argomenti del corso<\/h2>\n<ul>\n<li>Capire qual \u00e8 il <strong>tono di voce del tuo brand<\/strong><\/li>\n<li>Cos&#8217;\u00e8 la <strong>coerenza stilistica<\/strong><\/li>\n<li>Come <strong>mettersi nei panni di chi legge o compra<\/strong><\/li>\n<li>Come lavorare sulla<strong> percezione del nostro brand <\/strong>all&#8217;esterno<\/li>\n<li>Creare una <strong>connessione<\/strong> con il tuo pubblico<\/li>\n<li>Scrivere avendo in testa un destinatario o una destinataria<\/li>\n<li>Come<strong> strutturare un buon testo<\/strong><\/li>\n<li>Imparerai ad alleggerire i copy<\/li>\n<li>Tips di scrittura per risultare pi\u00f9 personale e incisivo o incisiva<\/li>\n<li><strong>Casi studio <\/strong>da cui prendere spunto<\/li>\n<li><strong>Esercizi pratici <\/strong><\/li>\n<li>Consigli di lettura tematici<\/li>\n<\/ul>\n<h2>Com&#8217;\u00e8 fatto il corso<\/h2>\n<ul>\n<li>4 video lezioni<\/li>\n<li>Che puoi seguire dove e quando vuoi<\/li>\n<li>Il corso resta tuo per sempre<\/li>\n<li>Teoria senza fuffa<\/li>\n<li>Tanta pratica<\/li>\n<li>Risorse extra per approfondire<\/li>\n<li>L&#8217;esperienza di una docente, Giulia Modena, che fa la copywriter e content marketer per professione<\/li>\n<li>Circa 20 minuti di lezione<\/li>\n<\/ul>\n<h2 class=\"wp-block-heading\">Fa per te?<\/h2>\n<ul>\n<li>Sei freelance\/professionista<\/li>\n<li>Hai un piccolo brand<\/li>\n<li>Hai un sito, un blog, una newsletter o dei social<\/li>\n<li>Vuoi che la personalit\u00e0 del tuo brand venisse fuori fin dai testi che scrivi e non solo dalle foto o dai video<\/li>\n<li>Scrivi direttamente tu i contenuti del tuo brand ma ti sembrano un po&#8217; insapore<\/li>\n<li>Ti occupi dei tuoi copy ma pensi che potresti migliorarli<\/li>\n<li>Vorresti che le tue parole fossero pi\u00f9 &#8220;pensate&#8221; per un pubblico preciso<\/li>\n<li>Ti piacerebbe capire come strutturare i testi per renderli efficaci e mirati alla vendita<\/li>\n<li>Vuoi comunicare a parole la tua attivit\u00e0 in modo pi\u00f9 professionale<\/li>\n<li>Vuoi un corso pratico<\/li>\n<li>Non hai tanto tempo da investire nella tua formazione e vuoi qualcosa che vada al sodo<\/li>\n<\/ul>\n<\/div>\n","protected":false},"excerpt":{"rendered":"<p>4 lezioni per dare un&#8217;iniezione di personalit\u00e0 ai tuoi testi online<\/p>\n","protected":false},"featured_media":331629,"comment_status":"closed","ping_status":"closed","template":"","meta":{"_acf_changed":false},"product_brand":[],"product_cat":[1142],"product_tag":[1154,1157],"class_list":{"0":"post-325524","1":"product","2":"type-product","3":"status-publish","4":"has-post-thumbnail","6":"product_cat-on-demand","7":"product_tag-corsiod","8":"product_tag-corsiodmore","10":"first","11":"instock","12":"virtual","13":"purchasable","14":"product-type-simple"},"acf":[],"_links":{"self":[{"href":"https:\/\/www.zandegu.it\/shop\/wp-json\/wp\/v2\/product\/325524","targetHints":{"allow":["GET"]}}],"collection":[{"href":"https:\/\/www.zandegu.it\/shop\/wp-json\/wp\/v2\/product"}],"about":[{"href":"https:\/\/www.zandegu.it\/shop\/wp-json\/wp\/v2\/types\/product"}],"replies":[{"embeddable":true,"href":"https:\/\/www.zandegu.it\/shop\/wp-json\/wp\/v2\/comments?post=325524"}],"version-history":[{"count":0,"href":"https:\/\/www.zandegu.it\/shop\/wp-json\/wp\/v2\/product\/325524\/revisions"}],"wp:featuredmedia":[{"embeddable":true,"href":"https:\/\/www.zandegu.it\/shop\/wp-json\/wp\/v2\/media\/331629"}],"wp:attachment":[{"href":"https:\/\/www.zandegu.it\/shop\/wp-json\/wp\/v2\/media?parent=325524"}],"wp:term":[{"taxonomy":"product_brand","embeddable":true,"href":"https:\/\/www.zandegu.it\/shop\/wp-json\/wp\/v2\/product_brand?post=325524"},{"taxonomy":"product_cat","embeddable":true,"href":"https:\/\/www.zandegu.it\/shop\/wp-json\/wp\/v2\/product_cat?post=325524"},{"taxonomy":"product_tag","embeddable":true,"href":"https:\/\/www.zandegu.it\/shop\/wp-json\/wp\/v2\/product_tag?post=325524"}],"curies":[{"name":"wp","href":"https:\/\/api.w.org\/{rel}","templated":true}]}}