{"id":326402,"date":"2023-07-19T11:40:38","date_gmt":"2023-07-19T09:40:38","guid":{"rendered":"https:\/\/www.zandegu.it\/?post_type=product&#038;p=326402"},"modified":"2024-04-30T15:26:08","modified_gmt":"2024-04-30T13:26:08","slug":"mappa-empatia","status":"publish","type":"product","link":"https:\/\/www.zandegu.it\/shop\/prodotto\/mappa-empatia\/","title":{"rendered":"La mappa dell\u2019empatia: scopri i bisogni dei tuoi clienti"},"content":{"rendered":"<div class=\"is-root-container is-layout-flow wp-block-post-content block-editor-block-list__layout\" data-is-drop-zone=\"true\">\n<p>Diciamo le cose come stanno: <strong>mettersi nei panni degli altri \u00e8 un bel casino<\/strong>. Richiede soprattutto due cose che pesano sempre:<\/p>\n<ul>\n<li>un grosso <strong>sforzo mentale<\/strong> (e chi ha voglia?);<\/li>\n<li>voglia di <strong>mettersi in ascolto<\/strong> (oh no!).<\/li>\n<\/ul>\n<p>A volte \u00e8 difficile farlo con amici\/amiche e parenti: figuriamoci farlo per il target!<\/p>\n<h2>E qui arriva la mappa dell&#8217;empatia<\/h2>\n<p>L&#8217;empathy map \u00e8 un modo per limitare gli sforzi e massimizzare l&#8217;ascolto: bestia che roba! \u00c8 uno strumento che si usa in marketing e comunicazione per mettersi nei panni delle nostre persone: chi legge, chi guarda i video, chi segue i nostri social, chi vorrebbe comprare, chi ha gi\u00e0 comprato.<\/p>\n<p>La mappa \u00e8 un <strong>esercizio di immedesimazione, dove si fanno delle ipotesi su come ragiona il nostro target<\/strong>, cosa lo colpisce e lo attrae online, come viene influenzato dagli altri e cosa fa in concreto.<\/p>\n<p>Perch\u00e9 \u00e8 importante? Perch\u00e9 cos\u00ec potrai creare contenuti che le tue persone hanno voglia di leggere e prodotti\/servizi che hanno voglia di acquistare.<\/p>\n<p>Vorresti provarla? Per imparare a usarla c&#8217;\u00e8 il corso <strong><em>La mappa dell\u2019empatia: scopri i bisogni dei tuoi clienti<\/em><\/strong> con la content marketer <a href=\"https:\/\/www.giuliamodena.it\/\" target=\"_blank\" rel=\"noopener\">Giulia Modena<\/a>.<\/p>\n<h2>A cosa serve questo corso<\/h2>\n<ul>\n<li>A fare un <strong>esercizio di immedesimazione profonda nel nostro target<\/strong> (chi legge, chi ci segue, chi compra)<\/li>\n<li>A ragionare <strong>come ragiona il nostro pubblico<\/strong><\/li>\n<li>A <strong>conoscere da vicino i bisogni del target<\/strong> per creare contenuti pi\u00f9 specifici e prodotti che vogliono comprare<\/li>\n<li>A trovare <strong>nuovi spunti<\/strong> per prodotti e contenuti<\/li>\n<\/ul>\n<h2>Argomenti del corso<\/h2>\n<ul>\n<li>Cos&#8217;\u00e8 la mappa dell&#8217;empatia<\/li>\n<li>A cosa serve la mappa dell&#8217;empatia<\/li>\n<li>I 4 quadranti della mappa dell&#8217;empatia<\/li>\n<li>Il cliente: cosa pensa, sente e vede<\/li>\n<li>Il cliente: cosa ascolta, dice e fa<\/li>\n<li>Come utilizzare la mappa dell\u2019empatia<\/li>\n<\/ul>\n<h2>Com&#8217;\u00e8 fatto il corso<\/h2>\n<ul>\n<li>4 video lezioni<\/li>\n<li>Che puoi seguire dove e quando vuoi<\/li>\n<li>Il corso resta tuo per sempre<\/li>\n<li>Teoria senza fuffa<\/li>\n<li>Tanta pratica<\/li>\n<li>Risorse extra per approfondire<\/li>\n<li>L&#8217;esperienza di una docente, Giulia Modena, che fa la copywriter e content marketer per professione<\/li>\n<li>Circa 15 minuti di lezione<\/li>\n<\/ul>\n<h2 class=\"wp-block-heading\">Fa per te?<\/h2>\n<ul>\n<li>Sei freelance\/professionista<\/li>\n<li>Hai un piccolo brand<\/li>\n<li>Sei agli inizi della tua attivit\u00e0 e <strong>non hai una mole di dati utile<\/strong> (analytics del sito o dei social, dati di vendita) per conoscere il tuo target<\/li>\n<li>Sei in proprio da un po&#8217;, hai dei dati dei\/delle clienti, ma vorresti <strong>entrare in maggiore sintonia<\/strong> col tuo pubblico<\/li>\n<li>Fatichi a metterti nei panni delle altre persone e vorresti migliorare questo aspetto<\/li>\n<li>Sei <strong>a corto di idee<\/strong> per i tuoi contenuti<\/li>\n<li>Vorresti progettare nuovi prodotti\/servizi pi\u00f9 mirati al pubblico, cos\u00ec da <strong>aumentare le possibilit\u00e0 di vendita<\/strong><\/li>\n<li>Vuoi un corso pratico<\/li>\n<li>Non hai tanto tempo da investire nella tua formazione e vuoi qualcosa che vada al sodo<\/li>\n<\/ul>\n<\/div>\n","protected":false},"excerpt":{"rendered":"<p>4 video lezioni per entrare in sintonia con il tuo target grazie alla mappa dell&#8217;empatia e capire cosa pensa, dice, vede e ascolta<\/p>\n","protected":false},"featured_media":331623,"comment_status":"closed","ping_status":"closed","template":"","meta":{"_acf_changed":false},"product_brand":[],"product_cat":[1142],"product_tag":[1154],"class_list":{"0":"post-326402","1":"product","2":"type-product","3":"status-publish","4":"has-post-thumbnail","6":"product_cat-on-demand","7":"product_tag-corsiod","9":"first","10":"instock","11":"virtual","12":"purchasable","13":"product-type-simple"},"acf":[],"_links":{"self":[{"href":"https:\/\/www.zandegu.it\/shop\/wp-json\/wp\/v2\/product\/326402","targetHints":{"allow":["GET"]}}],"collection":[{"href":"https:\/\/www.zandegu.it\/shop\/wp-json\/wp\/v2\/product"}],"about":[{"href":"https:\/\/www.zandegu.it\/shop\/wp-json\/wp\/v2\/types\/product"}],"replies":[{"embeddable":true,"href":"https:\/\/www.zandegu.it\/shop\/wp-json\/wp\/v2\/comments?post=326402"}],"version-history":[{"count":0,"href":"https:\/\/www.zandegu.it\/shop\/wp-json\/wp\/v2\/product\/326402\/revisions"}],"wp:featuredmedia":[{"embeddable":true,"href":"https:\/\/www.zandegu.it\/shop\/wp-json\/wp\/v2\/media\/331623"}],"wp:attachment":[{"href":"https:\/\/www.zandegu.it\/shop\/wp-json\/wp\/v2\/media?parent=326402"}],"wp:term":[{"taxonomy":"product_brand","embeddable":true,"href":"https:\/\/www.zandegu.it\/shop\/wp-json\/wp\/v2\/product_brand?post=326402"},{"taxonomy":"product_cat","embeddable":true,"href":"https:\/\/www.zandegu.it\/shop\/wp-json\/wp\/v2\/product_cat?post=326402"},{"taxonomy":"product_tag","embeddable":true,"href":"https:\/\/www.zandegu.it\/shop\/wp-json\/wp\/v2\/product_tag?post=326402"}],"curies":[{"name":"wp","href":"https:\/\/api.w.org\/{rel}","templated":true}]}}